rivative of u(g). Determine k(-3).
9
Let k = 5 - 0. Let u(z) = z**2 - 4*z - 1. Let r be u(k). Suppose -4*m - 2*w = -18, -w = -r*m + 3*w + 24. Let x(n) = -n + 3. Calculate x(m).
-2
Let v(t) = t**2 - 3*t**3 - 3 - 27*t + 3 + 1 + 29*t. Calculate v(-1).
3
Let k = -64 + 65. Let f(a) = -6*a**2 + 1. Give f(k).
-5
Let w(p) = -2*p - 2. Let u = 11 - 8. Let l be 2 + u + 2 + -5. What is w(l)?
-6
Let j(p) = p**2 - p - 1. Let l(u) = 5*u**2 - 10. Suppose -4*s + s = 9. Let a be -5*s/(45/(-12)). Let h(y) = a*j(y) + l(y). What is h(-5)?
-1
Let g(t) = -t**3 - t**2 + 5*t + 8. Let x be g(0). Let v(k) = k**2 - 9*k - 5. Determine v(x).
-13
Let y(s) = -s + 4. Let l(o) = -o**2 + 7*o - 7. Let r be l(5). Give y(r).
1
Let n(u) = -u**3 - 12*u**2 - 13*u - 15. Let d(w) = -w**3 + 4*w**2 - 11. Let x be d(4). Calculate n(x).
7
Let a(i) be the first derivative of i**4/4 - 5*i**3/3 - 5*i**2/2 - i - 7. Determine a(6).
5
Let j(k) = k**2 - 2*k + 2. Let a = -3 + 0. Let u be ((-1)/a)/((-3)/(-27)). Give j(u).
5
Let u = 18 - 15. Let a(h) = -u*h - 10 + 1 + 8. What is a(-2)?
5
Let y(g) = 6*g - 4. Let z(h) = -2*h**2 + 15*h + 5. Let j be z(8). Give y(j).
-22
Let l(z) = z**3 + 5*z**2 - 7. Let f(o) = -o**3 + 4*o**2 + 3*o + 5. Let y be f(5). Give l(y).
-7
Let l(q) = q**3 - 7*q**2 - 7*q - 7. Let h = 42 + -34. Calculate l(h).
1
Let z(i) be the third derivative of -3*i**4/8 + 4*i**2. Let r(h) = 5*h. Let a(y) = 7*r(y) + 4*z(y). Let m be 1/((1/2)/1). What is a(m)?
-2
Let y(x) = -4*x**2 - 1. Let s = 0 - 0. Suppose 4*u + 1 = -3*o + 10, s = o - u + 4. What is y(o)?
-5
Let h(i) = -2*i - 4. Let m = -1 + 5. Calculate h(m).
-12
Let q(a) be the second derivative of a**4/24 + a**3/6 + 5*a**2/2 + a. Let i(h) be the first derivative of q(h). Calculate i(0).
1
Let i = -15 + 17. Let q(j) = j**2 + 2*j + 1. Give q(i).
9
Let i(d) be the third derivative of d**6/120 - d**5/30 + d**4/12 - 13*d**2. Determine i(2).
4
Let d(n) = 0*n - 2*n + 3*n + 1 - 2. Calculate d(6).
5
Let t(y) = y**3 - 5*y**2 + 4*y + 1. Let p(k) = k**3 - 4*k**2 - 6*k - 2. Let v be p(5). Let h = v - -10. Calculate t(h).
-5
Let g(w) = w + 1. Let b = 2 + -4. Determine g(b).
-1
Let a(u) = 7*u**2 + 6*u - 10. Let j(y) = -8*y**2 - 6*y + 10. Let n(p) = 7*a(p) + 6*j(p). Give n(-7).
-3
Let h(y) = y**3 - y**2 + y - 28. Let c(i) = i**2 - 9*i + 14. Let x be c(7). Give h(x).
-28
Let j(x) = 41*x - 17. Let h(c) = 7*c - 3. Let b = -20 + 14. Let w(z) = b*j(z) + 34*h(z). Let v be 0/2 + (-1 - 0). What is w(v)?
8
Suppose 4*g - 8 = 20. Let o(x) = x**2 - 7*x - 6. What is o(g)?
-6
Let v = -5 - -8. Let l(g) = -5*g**2 + 6*g - 5. Let h(q) = 4*q**2 - 5*q + 4. Let z(o) = v*h(o) + 2*l(o). Give z(2).
4
Let m(r) = r**2 - 6*r - 10. Let u be m(8). Let v(z) = z + 3 + z**2 + z - u. Determine v(-4).
5
Let r(l) be the second derivative of -l**5/5 + l**3/6 + l**2/2 + 3*l. Suppose -3*v = -0*v + 9. Let d be ((-2 - v)*-1)/1. Determine r(d).
4
Let r(a) = -a + 1. Let u be r(-1). Let m(o) = -4 + u*o - 1 - o**2 + 4 + 0*o**2. Determine m(1).
0
Suppose 0 = 5*z - 4*z - 2. Let c(b) = -4*b + b**z + 4 - 3*b - 2. Give c(5).
-8
Let n(j) be the third derivative of j**5/60 + j**4/8 + j**3/3 + 6*j**2. Let i(l) = -2*l**2 - 5*l - 3. Let s(g) = -3*i(g) - 5*n(g). What is s(-2)?
3
Let u be (-6)/27 - 188/(-36). Suppose -5*b + 7 = -3*s, -u*b - 2 + 11 = -s. Let d(w) = 3 + 2 - 6*w - 6. Calculate d(s).
-7
Let d(b) = -3*b + 3. Let m be d(2). Let w(j) = -3*j**2 - 4*j + 1. Calculate w(m).
-14
Let p(w) = -18*w**2 + 3*w + 19*w**2 + 3 + 4*w. Let k(i) = i**3 - 5*i**2 - 2*i + 7. Let t be k(5). Determine p(t).
-9
Let m(r) = 4*r. Let n(b) = -b - 25. Let l be n(-27). Give m(l).
8
Let p(u) = -u - 3. Let z(k) = 5*k + 1. Let t(n) = n**3 - 7*n**2 - 8*n + 4. Let x be t(8). Let f = 3 - x. Let c be z(f). Calculate p(c).
1
Let f(s) = -s**3 - s**2 - 7*s - 7. Let d(u) = -u - 1. Let l(p) = -4*d(p) + f(p). What is l(-2)?
7
Let r(y) = y + 1. Let u(g) = 7*g**2 + 16*g - 1. Let f(x) = r(x) - u(x). Let p(k) = -11*k**2 - 23*k + 3. Let h(b) = 8*f(b) - 5*p(b). Determine h(-4).
5
Let m(f) = -2*f**2 - 6*f - 2. Let z(o) = -3*o**2 - 9*o - 3. Let y(j) = 7*m(j) - 5*z(j). Let d be ((-124)/93)/(3/9). Determine y(d).
5
Let s(c) = c + 102*c**3 + 4 - 7*c**2 - 101*c**3 + 5*c. What is s(5)?
-16
Let k = -1 - -1. Let d(g) = 9*g - 3 - 2*g - 2*g + k*g. Suppose 0 = -2*z - 2*z + 8. Determine d(z).
7
Let p(c) be the third derivative of c**6/120 + c**5/30 + c**4/12 + c**3/3 + 2*c**2. What is p(-2)?
-2
Suppose 3*j + 22 = -4*w, 10 = -j + 2*w - 6*w. Let n(s) = -s**3 - 5*s**2 + 5*s + 9. Give n(j).
15
Let p(s) = s - 1 + 6*s**2 - 4*s**3 + 3*s**2 - 8*s**2. Let u be (1 - 1)/(1/1). Suppose -3 = -3*x - u*x. What is p(x)?
-3
Let k(c) = 2*c + 2. Let m(t) = -t**2 - t + 1. Let y be m(-3). Give k(y).
-8
Let u(y) be the first derivative of -3*y - 10 + 1/2*y**2. Give u(-3).
-6
Let w(b) = b**3 + 5*b**2 - 8*b - 9. Suppose 4*g + 2*o + 12 = 0, -3*o - 25 = 5*g + 2*o. Let n be 6*(3/g + 2). What is w(n)?
3
Let h be 2/((-6)/15) + 2. Let y(c) = -5*c - 4 + 4*c**2 + 1 + 0*c**3 + c**3 - 2*c**2. Give y(h).
3
Suppose 0 = -2*i + 2*h + 3 - 27, i = -3*h. Let c = i + 6. Let s(q) = -q**2 - 3*q - 4 + 1 + 0. Determine s(c).
-3
Suppose 0 = -3*w + 6*w - 12. Let j(p) = -p - 1 - 2*p + w*p - 2*p. What is j(-3)?
2
Suppose -4*q + 5*f - 38 = -0*f, -44 = 3*q + 4*f. Let a(l) = -l**2 - 11*l + 13. Calculate a(q).
1
Let d(k) be the second derivative of -k**3/2 - k**2/2 - 70*k. Let a = -5 + 2. Calculate d(a).
8
Let v(l) = l**3 - 4*l**2 - 2. Suppose -3*h + 28 = 3*u + h, -2*u = -2*h. Let y be v(u). Let j(k) be the second derivative of -k**5/10 - k**4/6 - 8*k. Give j(y).
8
Suppose -2 = -4*h + 6*h. Let w be ((-2)/h + -1)*1. Suppose -z = 4 + w. Let p(s) = -s**3 - 6*s**2 - 6*s - 5. What is p(z)?
0
Let k(w) = 4 + 63*w**2 + w - w**3 - 5*w**3 - 68*w**2 + 7*w**3. What is k(4)?
-8
Let g(r) = -6*r**2 - 6*r + 12. Let x(k) = -7*k**2 - 6*k + 13. Let h(y) = 6*g(y) - 5*x(y). Give h(-8).
-9
Let s(o) = 1 - 4 - 1 - o**2 + o + 0*o**2. Let d be (0 + 1 + -2)*-5. Suppose 0*r - 6 = -3*b - r, b + d*r + 12 = 0. Give s(b).
-10
Let n(z) = -3*z + 7. Let q be -4*-2*(-1)/4. Let p(f) = -f + 7. Let h(l) = -l + 8. Let b(o) = -5*h(o) + 6*p(o). Let a(d) = q*n(d) + 7*b(d). Give a(-4).
4
Let p(g) = g - 9. Let k be -8*2 - (-8)/4. Let j(y) = -y**3 - 15*y**2 - 14*y + 5. Let t be j(k). Calculate p(t).
-4
Let k(i) = -25*i**2 - i + 7. Let d(t) = -12*t**2 + 3. Let z(v) = 5*d(v) - 2*k(v). Determine z(-1).
-11
Let r(v) = -7*v**2 - 8*v - 8. Let l(x) = -6*x**2 - 7*x - 7. Let t(j) = -6*l(j) + 5*r(j). What is t(-3)?
5
Let h(c) be the second derivative of 2/3*c**3 + 0 + 1/12*c**4 - 6*c + 5/2*c**2. Calculate h(-4).
5
Let x(o) = o**2 + 7*o + 9. Let l(g) = -g**3 + 2*g + 2. Let v be l(-2). Suppose 5*w - 4*w = -v. Determine x(w).
3
Let f(z) = -4*z + 5. Let p(v) = -18*v + 26. Let x(n) = 14*f(n) - 3*p(n). Give x(-6).
4
Let v(q) = -4*q + 6. Let c(f) = -4*f + 5. Let i(g) = 5*c(g) - 4*v(g). Determine i(-1).
5
Let s = 1 - -1. Suppose p + k - 2 = -2*p, -2*p + 2*k = -12. Let h(z) = -z + 2 - 3 + p. Give h(s).
-1
Let s(n) = -1 - 3 + 2 - n. Determine s(2).
-4
Let s(y) = 2*y**3 - 3*y**2 - 1. Let c(i) = i**3 - 2*i**2 - 1. Let w(r) = 5*c(r) - 3*s(r). Let p = -4 + 4. Suppose d = -p*d. Give w(d).
-2
Suppose 0 = -2*c - 4*u + 6, 4*c + 17 + 19 = 4*u. Let h(l) be the second derivative of l**3/6 + 4*l**2 + 4*l. Calculate h(c).
3
Let l(q) = -q**3 + 2*q**2 + 2*q + 3. Suppose 2*u - 29 = -u - 5*p, -5*p + 20 = 0. Give l(u).
0
Let t(x) = 6*x + 17. Suppose -s = -0*s - 6. Let i(g) = -6*g - 3. Let l(b) = -b. Let c(k) = i(k) - 5*l(k). Let n(y) = s*t(y) + 34*c(y). Determine n(-3).
-6
Let x be (2 - -6) + 0/1. Suppose -l = -5*l - x. Let y(o) = -2*o**2 - o. Determine y(l).
-6
Let h be (-3)/4 - (-3)/(-12). Let w(q) = -13*q**3 + 2*q + 1. Determine w(h).
12
Let j be 2 + 0 - (0 + 1). Let r(z) = 34*z + 1 - 15*z - 18*z. Give r(j).
2
Let n(q) = q**2 - 5*q - 10. Let f(k) = -k + 1. Let r be f(-6). Calculate n(r).
4
Let s(v) = -v + 2. Suppose 10 = 2*c + 3*g + g, -2*c = -2*g - 10. Suppose 0 = 4*w - 0 - 8, 2*p = c*w - 20. Calculate s(p).
7
Let s(x) = -2*x + 6. Let v be s(5). Let t(d) = 6*d - 3*d - 2*d**2 - 4 + 3*d**2. What is t(v)?
0
Let x be 1/5 - 48/15. Let b(y) = y**2 + 7*y + 3. Determine b(x).
-9
Let d(f) = -4*f**2 + f + 1. Suppose 3*w + 1 = 2*w. What is d(w)?
-4
Let c(a) = a**3 - 3*a**2 + 7*a - 6. Let w(j) = -